{"id":21494,"date":"2026-02-03T12:21:10","date_gmt":"2026-02-03T11:21:10","guid":{"rendered":"https:\/\/academia-tpm.com\/plataforma\/?page_id=21494"},"modified":"2026-04-26T10:24:45","modified_gmt":"2026-04-26T09:24:45","slug":"articulo-necesitamos-un-coordinador-tpm","status":"publish","type":"page","link":"https:\/\/academia-tpm.com\/plataforma\/articulo-necesitamos-un-coordinador-tpm\/","title":{"rendered":"articulo-necesitamos-un-coordinador-tpm"},"content":{"rendered":"\t\t<div data-elementor-type=\"wp-page\" data-elementor-id=\"21494\" class=\"elementor elementor-21494\" data-elementor-post-type=\"page\">\n\t\t\t\t\t\t<section class=\"elementor-section elementor-top-section elementor-element elementor-element-340090ad elementor-section-content-middle elementor-section-boxed elementor-section-height-default elementor-section-height-default\" data-id=\"340090ad\" data-element_type=\"section\" data-settings=\"{&quot;background_background&quot;:&quot;classic&quot;}\">\n\t\t\t\t\t\t<div class=\"elementor-container elementor-column-gap-default\">\n\t\t\t\t\t<div class=\"elementor-column elementor-col-50 elementor-top-column elementor-element elementor-element-6290fde1\" data-id=\"6290fde1\" data-element_type=\"column\">\n\t\t\t<div class=\"elementor-widget-wrap elementor-element-populated\">\n\t\t\t\t\t\t<div class=\"elementor-element elementor-element-42cf99c elementor-widget elementor-widget-image\" data-id=\"42cf99c\" data-element_type=\"widget\" data-widget_type=\"image.default\">\n\t\t\t\t<div class=\"elementor-widget-container\">\n\t\t\t\t\t\t\t\t\t\t\t\t\t\t\t<img decoding=\"async\" src=\"https:\/\/academia-tpm.com\/plataforma\/wp-content\/uploads\/elementor\/thumbs\/97233174_l-scaled-r5d0z183qk115laoljml1fnkaq893pimsdph9re5b8.jpg\" title=\"Back of entrepreneur sitting in office and look at colorful stic\" alt=\"Back of entrepreneur sitting in office and look at colorful sticky message on cement wall. Work lifestyle concept.\" loading=\"lazy\" \/>\t\t\t\t\t\t\t\t\t\t\t\t\t\t\t<\/div>\n\t\t\t\t<\/div>\n\t\t\t\t\t<\/div>\n\t\t<\/div>\n\t\t\t\t<div class=\"elementor-column elementor-col-50 elementor-top-column elementor-element elementor-element-41401a65\" data-id=\"41401a65\" data-element_type=\"column\">\n\t\t\t<div class=\"elementor-widget-wrap elementor-element-populated\">\n\t\t\t\t\t\t<div class=\"elementor-element elementor-element-871bceb elementor-widget elementor-widget-heading\" data-id=\"871bceb\" data-element_type=\"widget\" data-widget_type=\"heading.default\">\n\t\t\t\t<div class=\"elementor-widget-container\">\n\t\t\t\t\t<h1 class=\"elementor-heading-title elementor-size-default\">\u00bfDe verdad necesita su empresa un Coordinador TPM?<\/h1>\t\t\t\t<\/div>\n\t\t\t\t<\/div>\n\t\t\t\t<div class=\"elementor-element elementor-element-02f8107 elementor-widget elementor-widget-text-editor\" data-id=\"02f8107\" data-element_type=\"widget\" data-widget_type=\"text-editor.default\">\n\t\t\t\t<div class=\"elementor-widget-container\">\n\t\t\t\t\t\t\t\t\t<p>Una reflexi\u00f3n estrat\u00e9gica que pocos l\u00edderes industriales est\u00e1n abordando<\/p>\t\t\t\t\t\t\t\t<\/div>\n\t\t\t\t<\/div>\n\t\t\t\t<div class=\"elementor-element elementor-element-611bd5d elementor-widget elementor-widget-heading\" data-id=\"611bd5d\" data-element_type=\"widget\" data-widget_type=\"heading.default\">\n\t\t\t\t<div class=\"elementor-widget-container\">\n\t\t\t\t\t<h2 class=\"elementor-heading-title elementor-size-default\">Por: Humberto Alvarez Laverde<\/h2>\t\t\t\t<\/div>\n\t\t\t\t<\/div>\n\t\t\t\t<div class=\"elementor-element elementor-element-41392e83 elementor-widget-divider--view-line elementor-widget elementor-widget-divider\" data-id=\"41392e83\" data-element_type=\"widget\" data-widget_type=\"divider.default\">\n\t\t\t\t<div class=\"elementor-widget-container\">\n\t\t\t\t\t\t\t<div class=\"elementor-divider\">\n\t\t\t<span class=\"elementor-divider-separator\">\n\t\t\t\t\t\t<\/span>\n\t\t<\/div>\n\t\t\t\t\t\t<\/div>\n\t\t\t\t<\/div>\n\t\t\t\t\t<\/div>\n\t\t<\/div>\n\t\t\t\t\t<\/div>\n\t\t<\/section>\n\t\t\t\t<section class=\"elementor-section elementor-top-section elementor-element elementor-element-c257e61 elementor-section-boxed elementor-section-height-default elementor-section-height-default\" data-id=\"c257e61\" data-element_type=\"section\">\n\t\t\t\t\t\t<div class=\"elementor-container elementor-column-gap-default\">\n\t\t\t\t\t<div class=\"elementor-column elementor-col-33 elementor-top-column elementor-element elementor-element-acb8173\" data-id=\"acb8173\" data-element_type=\"column\">\n\t\t\t<div class=\"elementor-widget-wrap\">\n\t\t\t\t\t\t\t<\/div>\n\t\t<\/div>\n\t\t\t\t<div class=\"elementor-column elementor-col-33 elementor-top-column elementor-element elementor-element-9fdfc12\" data-id=\"9fdfc12\" data-element_type=\"column\">\n\t\t\t<div class=\"elementor-widget-wrap elementor-element-populated\">\n\t\t\t\t\t\t<div class=\"elementor-element elementor-element-c7280e7 elementor-widget elementor-widget-text-editor\" data-id=\"c7280e7\" data-element_type=\"widget\" data-widget_type=\"text-editor.default\">\n\t\t\t\t<div class=\"elementor-widget-container\">\n\t\t\t\t\t\t\t\t\t<p data-start=\"200\" data-end=\"496\">En muchas organizaciones industriales se ha consolidado una figura que rara vez se cuestiona: el Coordinador TPM. Su presencia se da por supuesta en organigramas, programas de formaci\u00f3n y modelos de implantaci\u00f3n. Se interpreta como una pieza necesaria para garantizar orden, seguimiento y avance.<\/p><p data-start=\"498\" data-end=\"743\">Sin embargo, desde una perspectiva directiva, la pregunta relevante no es operativa, sino estructural:<br data-start=\"600\" data-end=\"603\" \/>\u00bfpor qu\u00e9 una organizaci\u00f3n necesita un rol espec\u00edfico para coordinar algo que, por definici\u00f3n, deber\u00eda formar parte de su sistema de gesti\u00f3n?<\/p><p data-start=\"745\" data-end=\"1063\">El TPM \u2014Total Productive Maintenance\u2014 no es un programa, ni una metodolog\u00eda aislada, ni una iniciativa del \u00e1rea de mantenimiento. Es un modelo de funcionamiento organizativo cuyo prop\u00f3sito es claro: maximizar la eficiencia global del negocio a trav\u00e9s de la gesti\u00f3n integral de los activos, los procesos y las personas.<\/p><p data-start=\"1065\" data-end=\"1095\">Y la palabra clave es \u201cTotal\u201d.<\/p><p data-start=\"1097\" data-end=\"1404\">\u201cTotal\u201d implica algo mucho m\u00e1s exigente que aplicar herramientas o desplegar pilares. Implica dise\u00f1ar un sistema de liderazgo distribuido, donde la responsabilidad por el desempe\u00f1o de los equipos, la mejora continua y la fiabilidad operacional est\u00e1 integrada en todas las \u00e1reas y niveles de la organizaci\u00f3n.<\/p><p data-start=\"1406\" data-end=\"1466\">Cuando esto no ocurre, aparece la necesidad de coordinaci\u00f3n.<\/p><p data-start=\"1468\" data-end=\"1748\">En muchas organizaciones occidentales, el TPM se introduce como un programa paralelo: con su propio roadmap, sus indicadores, sus rutinas y su gobernanza. Y como cualquier iniciativa transversal, se le asigna una figura central que conecte las piezas. As\u00ed nace el Coordinador TPM.<\/p><p data-start=\"1750\" data-end=\"1869\">Pero esta figura no es el resultado de un sistema maduro. Es, en la mayor\u00eda de los casos, un mecanismo de compensaci\u00f3n.<\/p><p data-start=\"1871\" data-end=\"2100\">Compensa la falta de alineaci\u00f3n entre \u00e1reas.<br data-start=\"1915\" data-end=\"1918\" \/>Compensa la debilidad en el liderazgo de l\u00ednea.<br data-start=\"1965\" data-end=\"1968\" \/>Compensa la ausencia de responsabilidad compartida sobre los activos.<br data-start=\"2037\" data-end=\"2040\" \/>Compensa, en definitiva, un problema de dise\u00f1o organizativo.<\/p><p data-start=\"2102\" data-end=\"2255\">El riesgo es claro: lo que deber\u00eda ser una responsabilidad distribuida se centraliza. Y lo que deber\u00eda ser cultura operativa se convierte en una funci\u00f3n.<\/p><p data-start=\"2257\" data-end=\"2434\">Las organizaciones que han integrado el TPM de forma consistente operan bajo una l\u00f3gica distinta. No gestionan el TPM como un programa, sino como parte de su sistema de gesti\u00f3n.<\/p><p data-start=\"2436\" data-end=\"2452\">En ese contexto:<\/p><ul data-start=\"2453\" data-end=\"2702\"><li data-section-id=\"1sodwta\" data-start=\"2453\" data-end=\"2514\">Producci\u00f3n es propietaria del rendimiento de los equipos.<\/li><li data-section-id=\"1nswmpr\" data-start=\"2515\" data-end=\"2572\">Mantenimiento ejerce liderazgo t\u00e9cnico y estrat\u00e9gico.<\/li><li data-section-id=\"1otgoen\" data-start=\"2573\" data-end=\"2632\">La mejora continua est\u00e1 integrada en el trabajo diario.<\/li><li data-section-id=\"1fuhpwi\" data-start=\"2633\" data-end=\"2702\">Y, especialmente, existe un sistema robusto de gesti\u00f3n transversal.<\/li><\/ul><p data-start=\"2704\" data-end=\"2785\">Aqu\u00ed es donde el concepto de <em data-start=\"2733\" data-end=\"2762\">cross-functional management<\/em> adquiere todo su peso.<\/p><p data-start=\"2787\" data-end=\"3003\">El TPM no funciona por coordinaci\u00f3n vertical, sino por integraci\u00f3n horizontal.<br data-start=\"2865\" data-end=\"2868\" \/>Y esa integraci\u00f3n no se consigue con una figura central, sino a trav\u00e9s de mecanismos estructurados de gobernanza: los comit\u00e9s de pilar.<\/p><p data-start=\"3005\" data-end=\"3242\">Los comit\u00e9s de pilar no son foros informativos ni espacios de seguimiento. Son \u00f3rganos de gesti\u00f3n transversal donde se toman decisiones, se alinean prioridades y se gestiona el desempe\u00f1o del sistema m\u00e1s all\u00e1 de las fronteras funcionales.<\/p><p data-start=\"3244\" data-end=\"3292\">Son, en esencia, el verdadero motor del \u201cTotal\u201d.<\/p><p data-start=\"3294\" data-end=\"3339\">Cuando estos comit\u00e9s funcionan correctamente:<\/p><ul data-start=\"3340\" data-end=\"3508\"><li data-section-id=\"dkiwdz\" data-start=\"3340\" data-end=\"3371\">Rompen silos organizativos.<\/li><li data-section-id=\"1nd5t0f\" data-start=\"3372\" data-end=\"3406\">Alinean objetivos entre \u00e1reas.<\/li><li data-section-id=\"vi05ge\" data-start=\"3407\" data-end=\"3443\">Generan corresponsabilidad real.<\/li><li data-section-id=\"905o71\" data-start=\"3444\" data-end=\"3508\">Y trasladan el liderazgo del TPM a la l\u00ednea, donde debe estar.<\/li><\/ul><p data-start=\"3510\" data-end=\"3629\">Cuando no existen, o funcionan de manera d\u00e9bil, la organizaci\u00f3n recurre inevitablemente a la coordinaci\u00f3n centralizada.<\/p><p data-start=\"3631\" data-end=\"3664\">Y ah\u00ed aparece el Coordinador TPM.<\/p><p data-start=\"3666\" data-end=\"3810\">A corto plazo, esta figura aporta orden y continuidad.<br data-start=\"3720\" data-end=\"3723\" \/>A medio plazo, introduce dependencia.<br data-start=\"3760\" data-end=\"3763\" \/>Y a largo plazo, limita la madurez del sistema.<\/p><p data-start=\"3812\" data-end=\"3881\">Porque el mensaje impl\u00edcito es peligroso: el TPM pertenece a alguien.<\/p><p data-start=\"3883\" data-end=\"4050\">Desde el punto de vista de un comit\u00e9 ejecutivo, esto deber\u00eda encender una se\u00f1al de alerta. No estamos ante un problema de ejecuci\u00f3n, sino de arquitectura organizativa.<\/p><p data-start=\"4052\" data-end=\"4182\">La pregunta clave no es qui\u00e9n coordina el TPM, sino si el modelo de gesti\u00f3n est\u00e1 dise\u00f1ado para que el TPM ocurra de forma natural.<\/p><p data-start=\"4184\" data-end=\"4197\">Esto implica:<\/p><ul data-start=\"4198\" data-end=\"4425\"><li data-section-id=\"1k4dv93\" data-start=\"4198\" data-end=\"4240\">Claridad radical en responsabilidades.<\/li><li data-section-id=\"1y17iqw\" data-start=\"4241\" data-end=\"4274\">Liderazgo activo en la l\u00ednea.<\/li><li data-section-id=\"1goin4l\" data-start=\"4275\" data-end=\"4364\">Sistemas de gesti\u00f3n que integren la mejora y el mantenimiento en la operaci\u00f3n diaria.<\/li><li data-section-id=\"1buotep\" data-start=\"4365\" data-end=\"4425\">Y, sobre todo, mecanismos eficaces de gesti\u00f3n transversal.<\/li><\/ul><p data-start=\"4427\" data-end=\"4621\">En este contexto, el rol del Coordinador TPM solo tiene sentido como elemento temporal: un facilitador del cambio cuyo objetivo es desarrollar capacidades internas y desaparecer progresivamente.<\/p><p data-start=\"4623\" data-end=\"4740\">Cuando se convierte en una figura estructural, la organizaci\u00f3n no ha resuelto el problema de fondo. Lo ha desplazado.<\/p><p data-start=\"4742\" data-end=\"4952\">El TPM no fracasa por falta de coordinaci\u00f3n.<br data-start=\"4786\" data-end=\"4789\" \/>Fracasa cuando el liderazgo no est\u00e1 distribuido, cuando la gesti\u00f3n sigue siendo funcional y cuando la organizaci\u00f3n no es capaz de operar como un sistema integrado.<\/p><p data-start=\"4954\" data-end=\"5048\">El verdadero reto no es implantar TPM.<br data-start=\"4992\" data-end=\"4995\" \/>Es redise\u00f1ar la organizaci\u00f3n para que funcione mejor.<\/p><p data-start=\"5050\" data-end=\"5069\">Y eso no se delega.<\/p>\t\t\t\t\t\t\t\t<\/div>\n\t\t\t\t<\/div>\n\t\t\t\t\t<\/div>\n\t\t<\/div>\n\t\t\t\t<div class=\"elementor-column elementor-col-33 elementor-top-column elementor-element elementor-element-f7731c6\" data-id=\"f7731c6\" data-element_type=\"column\">\n\t\t\t<div class=\"elementor-widget-wrap\">\n\t\t\t\t\t\t\t<\/div>\n\t\t<\/div>\n\t\t\t\t\t<\/div>\n\t\t<\/section>\n\t\t\t\t<section class=\"elementor-section elementor-top-section elementor-element elementor-element-93cc5f0 elementor-section-boxed elementor-section-height-default elementor-section-height-default\" data-id=\"93cc5f0\" data-element_type=\"section\">\n\t\t\t\t\t\t<div class=\"elementor-container elementor-column-gap-default\">\n\t\t\t\t\t<div class=\"elementor-column elementor-col-25 elementor-top-column elementor-element elementor-element-660bf10\" data-id=\"660bf10\" data-element_type=\"column\">\n\t\t\t<div class=\"elementor-widget-wrap\">\n\t\t\t\t\t\t\t<\/div>\n\t\t<\/div>\n\t\t\t\t<div class=\"elementor-column elementor-col-25 elementor-top-column elementor-element elementor-element-83a99aa\" data-id=\"83a99aa\" data-element_type=\"column\">\n\t\t\t<div class=\"elementor-widget-wrap\">\n\t\t\t\t\t\t\t<\/div>\n\t\t<\/div>\n\t\t\t\t<div class=\"elementor-column elementor-col-25 elementor-top-column elementor-element elementor-element-0516fd0\" data-id=\"0516fd0\" data-element_type=\"column\">\n\t\t\t<div class=\"elementor-widget-wrap\">\n\t\t\t\t\t\t\t<\/div>\n\t\t<\/div>\n\t\t\t\t<div class=\"elementor-column elementor-col-25 elementor-top-column elementor-element elementor-element-1cfc652\" data-id=\"1cfc652\" data-element_type=\"column\">\n\t\t\t<div class=\"elementor-widget-wrap\">\n\t\t\t\t\t\t\t<\/div>\n\t\t<\/div>\n\t\t\t\t\t<\/div>\n\t\t<\/section>\n\t\t\t\t<\/div>\n\t\t","protected":false},"excerpt":{"rendered":"<p>\u00bfDe verdad necesita su empresa un Coordinador TPM? Una reflexi\u00f3n estrat\u00e9gica que pocos l\u00edderes industriales [&hellip;]<\/p>\n","protected":false},"author":1,"featured_media":0,"parent":0,"menu_order":0,"comment_status":"closed","ping_status":"closed","template":"","meta":{"site-sidebar-layout":"no-sidebar","site-content-layout":"page-builder","ast-site-content-layout":"full-width-container","site-content-style":"default","site-sidebar-style":"default","ast-global-header-display":"","ast-banner-title-visibility":"","ast-main-header-display":"","ast-hfb-above-header-display":"","ast-hfb-below-header-display":"","ast-hfb-mobile-header-display":"","site-post-title":"disabled","ast-breadcrumbs-content":"","ast-featured-img":"disabled","footer-sml-layout":"","ast-disable-related-posts":"","theme-transparent-header-meta":"default","adv-header-id-meta":"","stick-header-meta":"default","header-above-stick-meta":"","header-main-stick-meta":"","header-below-stick-meta":"","astra-migrate-meta-layouts":"set","ast-page-background-enabled":"default","ast-page-background-meta":{"desktop":{"background-color":"","background-image":"","background-repeat":"repeat","background-position":"center center","background-size":"auto","background-attachment":"scroll","background-type":"","background-media":"","overlay-type":"","overlay-color":"","overlay-opacity":"","overlay-gradient":""},"tablet":{"background-color":"","background-image":"","background-repeat":"repeat","background-position":"center center","background-size":"auto","background-attachment":"scroll","background-type":"","background-media":"","overlay-type":"","overlay-color":"","overlay-opacity":"","overlay-gradient":""},"mobile":{"background-color":"","background-image":"","background-repeat":"repeat","background-position":"center center","background-size":"auto","background-attachment":"scroll","background-type":"","background-media":"","overlay-type":"","overlay-color":"","overlay-opacity":"","overlay-gradient":""}},"ast-content-background-meta":{"desktop":{"background-color":"var(--ast-global-color-5)","background-image":"","background-repeat":"repeat","background-position":"center center","background-size":"auto","background-attachment":"scroll","background-type":"","background-media":"","overlay-type":"","overlay-color":"","overlay-opacity":"","overlay-gradient":""},"tablet":{"background-color":"var(--ast-global-color-5)","background-image":"","background-repeat":"repeat","background-position":"center center","background-size":"auto","background-attachment":"scroll","background-type":"","background-media":"","overlay-type":"","overlay-color":"","overlay-opacity":"","overlay-gradient":""},"mobile":{"background-color":"var(--ast-global-color-5)","background-image":"","background-repeat":"repeat","background-position":"center center","background-size":"auto","background-attachment":"scroll","background-type":"","background-media":"","overlay-type":"","overlay-color":"","overlay-opacity":"","overlay-gradient":""}},"footnotes":""},"class_list":["post-21494","page","type-page","status-publish","hentry"],"_links":{"self":[{"href":"https:\/\/academia-tpm.com\/plataforma\/wp-json\/wp\/v2\/pages\/21494","targetHints":{"allow":["GET"]}}],"collection":[{"href":"https:\/\/academia-tpm.com\/plataforma\/wp-json\/wp\/v2\/pages"}],"about":[{"href":"https:\/\/academia-tpm.com\/plataforma\/wp-json\/wp\/v2\/types\/page"}],"author":[{"embeddable":true,"href":"https:\/\/academia-tpm.com\/plataforma\/wp-json\/wp\/v2\/users\/1"}],"replies":[{"embeddable":true,"href":"https:\/\/academia-tpm.com\/plataforma\/wp-json\/wp\/v2\/comments?post=21494"}],"version-history":[{"count":29,"href":"https:\/\/academia-tpm.com\/plataforma\/wp-json\/wp\/v2\/pages\/21494\/revisions"}],"predecessor-version":[{"id":22689,"href":"https:\/\/academia-tpm.com\/plataforma\/wp-json\/wp\/v2\/pages\/21494\/revisions\/22689"}],"wp:attachment":[{"href":"https:\/\/academia-tpm.com\/plataforma\/wp-json\/wp\/v2\/media?parent=21494"}],"curies":[{"name":"wp","href":"https:\/\/api.w.org\/{rel}","templated":true}]}}