{"id":17320,"date":"2025-05-05T13:09:35","date_gmt":"2025-05-05T12:09:35","guid":{"rendered":"https:\/\/academia-tpm.com\/plataforma\/?page_id=17320"},"modified":"2025-05-05T13:19:28","modified_gmt":"2025-05-05T12:19:28","slug":"doce_pasos_tpm","status":"publish","type":"page","link":"https:\/\/academia-tpm.com\/plataforma\/doce_pasos_tpm\/","title":{"rendered":"doce_pasos_TPM"},"content":{"rendered":"\t\t<div data-elementor-type=\"wp-page\" data-elementor-id=\"17320\" class=\"elementor elementor-17320\" data-elementor-post-type=\"page\">\n\t\t\t\t\t\t<section class=\"elementor-section elementor-top-section elementor-element elementor-element-c26440b elementor-section-height-min-height elementor-section-boxed elementor-section-height-default elementor-section-items-middle\" data-id=\"c26440b\" data-element_type=\"section\" data-settings=\"{&quot;background_background&quot;:&quot;classic&quot;}\">\n\t\t\t\t\t\t<div class=\"elementor-container elementor-column-gap-default\">\n\t\t\t\t\t<div class=\"elementor-column elementor-col-33 elementor-top-column elementor-element elementor-element-3c8af8d\" data-id=\"3c8af8d\" data-element_type=\"column\">\n\t\t\t<div class=\"elementor-widget-wrap\">\n\t\t\t\t\t\t\t<\/div>\n\t\t<\/div>\n\t\t\t\t<div class=\"elementor-column elementor-col-33 elementor-top-column elementor-element elementor-element-fc477bf\" data-id=\"fc477bf\" data-element_type=\"column\">\n\t\t\t<div class=\"elementor-widget-wrap elementor-element-populated\">\n\t\t\t\t\t\t<div class=\"elementor-element elementor-element-4ddb322 elementor-widget elementor-widget-heading\" data-id=\"4ddb322\" data-element_type=\"widget\" data-widget_type=\"heading.default\">\n\t\t\t\t<div class=\"elementor-widget-container\">\n\t\t\t\t\t<h2 class=\"elementor-heading-title elementor-size-default\">Los doce pasos del TPM sugeridos por JIPM<\/h2>\t\t\t\t<\/div>\n\t\t\t\t<\/div>\n\t\t\t\t<div class=\"elementor-element elementor-element-02df868 elementor-widget elementor-widget-heading\" data-id=\"02df868\" data-element_type=\"widget\" data-widget_type=\"heading.default\">\n\t\t\t\t<div class=\"elementor-widget-container\">\n\t\t\t\t\t<h2 class=\"elementor-heading-title elementor-size-default\">De la metodolog\u00eda t\u00e9cnica al despliegue cultural<\/h2>\t\t\t\t<\/div>\n\t\t\t\t<\/div>\n\t\t\t\t\t<\/div>\n\t\t<\/div>\n\t\t\t\t<div class=\"elementor-column elementor-col-33 elementor-top-column elementor-element elementor-element-8a37496\" data-id=\"8a37496\" data-element_type=\"column\">\n\t\t\t<div class=\"elementor-widget-wrap\">\n\t\t\t\t\t\t\t<\/div>\n\t\t<\/div>\n\t\t\t\t\t<\/div>\n\t\t<\/section>\n\t\t\t\t<section class=\"elementor-section elementor-top-section elementor-element elementor-element-913d3b8 elementor-section-boxed elementor-section-height-default elementor-section-height-default\" data-id=\"913d3b8\" data-element_type=\"section\">\n\t\t\t\t\t\t<div class=\"elementor-container elementor-column-gap-default\">\n\t\t\t\t\t<div class=\"elementor-column elementor-col-33 elementor-top-column elementor-element elementor-element-a75f34a\" data-id=\"a75f34a\" data-element_type=\"column\">\n\t\t\t<div class=\"elementor-widget-wrap\">\n\t\t\t\t\t\t\t<\/div>\n\t\t<\/div>\n\t\t\t\t<div class=\"elementor-column elementor-col-33 elementor-top-column elementor-element elementor-element-c265402\" data-id=\"c265402\" data-element_type=\"column\">\n\t\t\t<div class=\"elementor-widget-wrap elementor-element-populated\">\n\t\t\t\t\t\t<div class=\"elementor-element elementor-element-94bde6c elementor-widget elementor-widget-heading\" data-id=\"94bde6c\" data-element_type=\"widget\" data-widget_type=\"heading.default\">\n\t\t\t\t<div class=\"elementor-widget-container\">\n\t\t\t\t\t<h2 class=\"elementor-heading-title elementor-size-default\">Por: Humberto Alvarez Laverde<\/h2>\t\t\t\t<\/div>\n\t\t\t\t<\/div>\n\t\t\t\t\t<\/div>\n\t\t<\/div>\n\t\t\t\t<div class=\"elementor-column elementor-col-33 elementor-top-column elementor-element elementor-element-42ff05a\" data-id=\"42ff05a\" data-element_type=\"column\">\n\t\t\t<div class=\"elementor-widget-wrap\">\n\t\t\t\t\t\t\t<\/div>\n\t\t<\/div>\n\t\t\t\t\t<\/div>\n\t\t<\/section>\n\t\t\t\t<section class=\"elementor-section elementor-top-section elementor-element elementor-element-f3e3731 elementor-section-boxed elementor-section-height-default elementor-section-height-default\" data-id=\"f3e3731\" data-element_type=\"section\">\n\t\t\t\t\t\t<div class=\"elementor-container elementor-column-gap-default\">\n\t\t\t\t\t<div class=\"elementor-column elementor-col-33 elementor-top-column elementor-element elementor-element-5ce0b07\" data-id=\"5ce0b07\" data-element_type=\"column\">\n\t\t\t<div class=\"elementor-widget-wrap\">\n\t\t\t\t\t\t\t<\/div>\n\t\t<\/div>\n\t\t\t\t<div class=\"elementor-column elementor-col-33 elementor-top-column elementor-element elementor-element-dce8979\" data-id=\"dce8979\" data-element_type=\"column\">\n\t\t\t<div class=\"elementor-widget-wrap elementor-element-populated\">\n\t\t\t\t\t\t<div class=\"elementor-element elementor-element-e51e01d elementor-widget elementor-widget-image\" data-id=\"e51e01d\" data-element_type=\"widget\" data-widget_type=\"image.default\">\n\t\t\t\t<div class=\"elementor-widget-container\">\n\t\t\t\t\t\t\t\t\t\t\t\t\t\t\t<img fetchpriority=\"high\" decoding=\"async\" width=\"771\" height=\"485\" src=\"https:\/\/academia-tpm.com\/plataforma\/wp-content\/uploads\/2025\/05\/12pasos.png\" class=\"attachment-large size-large wp-image-17332\" alt=\"\" srcset=\"https:\/\/academia-tpm.com\/plataforma\/wp-content\/uploads\/2025\/05\/12pasos.png 771w, https:\/\/academia-tpm.com\/plataforma\/wp-content\/uploads\/2025\/05\/12pasos-636x400.png 636w, https:\/\/academia-tpm.com\/plataforma\/wp-content\/uploads\/2025\/05\/12pasos-768x483.png 768w, https:\/\/academia-tpm.com\/plataforma\/wp-content\/uploads\/2025\/05\/12pasos-600x377.png 600w\" sizes=\"(max-width: 771px) 100vw, 771px\" \/>\t\t\t\t\t\t\t\t\t\t\t\t\t\t\t<\/div>\n\t\t\t\t<\/div>\n\t\t\t\t<div class=\"elementor-element elementor-element-6f6e54d elementor-widget elementor-widget-text-editor\" data-id=\"6f6e54d\" data-element_type=\"widget\" data-widget_type=\"text-editor.default\">\n\t\t\t\t<div class=\"elementor-widget-container\">\n\t\t\t\t\t\t\t\t\t<p>Aunque los doce pasos propuestos por el <strong>Japan Institute of Plant Maintenance (JIPM)<\/strong> han sido tradicionalmente comprendidos desde una perspectiva t\u00e9cnica y metodol\u00f3gica \u2014centrada en la secuencia l\u00f3gica para introducir progresivamente los pilares del TPM, existe una alternativa poderosa y complementaria: reinterpretar estos pasos como una gu\u00eda estrat\u00e9gica para el despliegue organizacional.<\/p><p>Este enfoque no se limita a la implementaci\u00f3n de herramientas o t\u00e9cnicas puntuales, sino que promueve una transformaci\u00f3n profunda y estructurada de la cultura corporativa. Al ver los pasos no solo como acciones operativas, sino como catalizadores de cambio organizacional, se facilita una evoluci\u00f3n coherente y sostenible que fortalece el compromiso transversal, promueve la participaci\u00f3n activa de todos los niveles y genera condiciones para consolidar resultados en el tiempo. As\u00ed, los doce pasos dejan de ser un simple esquema t\u00e9cnico y se convierten en una hoja de ruta integral para el crecimiento ordenado, la alineaci\u00f3n estrat\u00e9gica y la mejora continua de toda la empresa.<\/p><p>Para comprender la relevancia de este enfoque ampliado, es necesario partir del prop\u00f3sito original de los 12 pasos. Dise\u00f1ados por el JIPM como un marco estructurado que gu\u00eda a las organizaciones en el proceso de implementaci\u00f3n del TPM, estos pasos representan una secuencia l\u00f3gica y progresiva que permite la incorporaci\u00f3n gradual de los pilares del modelo, desde el compromiso de la direcci\u00f3n hasta la evaluaci\u00f3n de los resultados. Este dise\u00f1o t\u00e9cnico ha sido crucial para lograr implantaciones sistem\u00e1ticas, certificaciones internacionales y resultados operativos concretos. Sin embargo, con el tiempo y la experiencia acumulada por diversas organizaciones, ha emergido la necesidad de trascender la visi\u00f3n meramente operativa para dar paso a un entendimiento m\u00e1s profundo, capaz de articular herramientas, personas, procesos y cultura.<\/p><p>La interpretaci\u00f3n tradicional de los doce pasos se enfoca principalmente en la implementaci\u00f3n de t\u00e9cnicas espec\u00edficas en el \u00e1rea de mantenimiento, calidad y producci\u00f3n. Cada paso se ejecuta con precisi\u00f3n metodol\u00f3gica, asegurando el cumplimiento de cronogramas, entrenamientos, auditor\u00edas internas y despliegues de herramientas. Esta forma de abordar el TPM es efectiva para generar resultados r\u00e1pidos en la reducci\u00f3n de fallas, el aumento de la eficiencia de los equipos y la estandarizaci\u00f3n de pr\u00e1cticas operativas.<\/p><p>Sin embargo, cuando esta visi\u00f3n t\u00e9cnica no se acompa\u00f1a de una estrategia organizacional clara y de una gesti\u00f3n del cambio que integre a todas las \u00e1reas, surgen limitaciones en la sostenibilidad del sistema. Las iniciativas tienden a depender excesivamente de los l\u00edderes del proyecto, las pr\u00e1cticas pierden fuerza con el tiempo y el impacto organizacional se diluye.<\/p><p>Frente a estas limitaciones, reinterpretar los doce pasos desde una \u00f3ptica cultural y estrat\u00e9gica ofrece una oportunidad valiosa. Este enfoque considera que cada paso no solo introduce una herramienta, sino que representa un momento de aprendizaje colectivo, una oportunidad para consolidar valores compartidos y una plataforma para desarrollar capacidades organizativas. Por ejemplo, cuando se habla del compromiso de la alta direcci\u00f3n, no se trata \u00fanicamente de una declaraci\u00f3n inicial o de una presencia simb\u00f3lica en los lanzamientos del proyecto, sino de una participaci\u00f3n activa y visible en la conducci\u00f3n del cambio, con coherencia entre el discurso y la acci\u00f3n. Del mismo modo, el establecimiento de pol\u00edticas y metas no se limita a definir indicadores t\u00e9cnicos, sino que implica alinear dichos objetivos con la visi\u00f3n estrat\u00e9gica de la empresa, integrando a los equipos en la construcci\u00f3n de una causa com\u00fan.<\/p><p>Paso a paso, el modelo del JIPM puede ser visto como una narrativa de transformaci\u00f3n organizacional. La promoci\u00f3n del TPM por parte de la alta direcci\u00f3n establece una cultura de liderazgo ejemplar. La creaci\u00f3n de una organizaci\u00f3n para promover el TPM moviliza redes internas, habilita la colaboraci\u00f3n interdepartamental y rompe silos. La formulaci\u00f3n de pol\u00edticas y metas construye claridad estrat\u00e9gica y alinea esfuerzos en todos los niveles.<\/p><p>El plan maestro de implementaci\u00f3n, m\u00e1s all\u00e1 de ser una simple hoja de ruta t\u00e9cnica, act\u00faa como un compromiso de largo plazo, que da sentido al esfuerzo cotidiano y orienta las decisiones operativas. Las campa\u00f1as de educaci\u00f3n y capacitaci\u00f3n fortalecen el aprendizaje organizacional, democratizan el conocimiento y empoderan a los trabajadores. La introducci\u00f3n de mejoras espec\u00edficas \u2014como el mantenimiento aut\u00f3nomo, el mantenimiento planificado o el kaizen\u2014 no solo optimiza el desempe\u00f1o, sino que consolida una cultura de responsabilidad compartida, disciplina y b\u00fasqueda permanente de excelencia. Finalmente, la evaluaci\u00f3n de resultados y las acciones de mejora representan un ejercicio de reflexi\u00f3n institucional que promueve la transparencia, el aprendizaje colectivo y el ajuste constante del rumbo.<\/p><p>A medida que este enfoque organizacional se despliega, el impacto del TPM va m\u00e1s all\u00e1 de los indicadores t\u00e9cnicos. La empresa comienza a evidenciar mejoras en dimensiones como el clima laboral, la cohesi\u00f3n de los equipos, la capacidad de respuesta ante problemas complejos y la alineaci\u00f3n entre \u00e1reas que antes operaban de manera aislada. La productividad se convierte en un resultado natural de una cultura comprometida con la excelencia, en la que cada persona entiende su rol, valora su contribuci\u00f3n y se siente parte activa del \u00e9xito colectivo. Este tipo de transformaci\u00f3n no puede ser impuesto ni acelerado artificialmente; requiere liderazgo consistente, una comunicaci\u00f3n fluida y una gesti\u00f3n del cambio consciente que sepa acompa\u00f1ar los ritmos emocionales y culturales de la organizaci\u00f3n.<\/p><p>La clave para una implementaci\u00f3n exitosa de este enfoque ampliado radica en la integraci\u00f3n inteligente entre t\u00e9cnica y cultura. No se trata de reemplazar herramientas por valores, sino de hacer que las herramientas sean expresi\u00f3n de una cultura s\u00f3lida. Para ello, es imprescindible que el liderazgo de la organizaci\u00f3n se comprometa con una visi\u00f3n de largo plazo, que articule el uso disciplinado de las metodolog\u00edas con un sentido estrat\u00e9gico compartido. La formaci\u00f3n continua juega un papel fundamental en este proceso, ya que permite renovar el conocimiento, mantener vivo el entusiasmo y desarrollar competencias clave en todos los niveles jer\u00e1rquicos.<\/p><p>En conclusi\u00f3n, los doce pasos del JIPM deben ser comprendidos no solo como una secuencia l\u00f3gica para implementar el TPM, sino como una hoja de ruta estrat\u00e9gica para el desarrollo organizacional. Su verdadero potencial se revela cuando dejan de ser un protocolo t\u00e9cnico y se transforman en un lenguaje com\u00fan que articula metas, pr\u00e1cticas y valores. Al adoptar esta visi\u00f3n, las empresas no solo optimizan sus procesos productivos, sino que fortalecen su capacidad de adaptaci\u00f3n, cohesi\u00f3n interna y sostenibilidad a largo plazo. El TPM, en esta perspectiva, se convierte en una plataforma de crecimiento integral que impulsa no solo resultados, sino transformaci\u00f3n cultural y excelencia operativa sostenida.<\/p><p>\u00a0<\/p>\t\t\t\t\t\t\t\t<\/div>\n\t\t\t\t<\/div>\n\t\t\t\t\t<\/div>\n\t\t<\/div>\n\t\t\t\t<div class=\"elementor-column elementor-col-33 elementor-top-column elementor-element elementor-element-7d1fca3\" data-id=\"7d1fca3\" data-element_type=\"column\">\n\t\t\t<div class=\"elementor-widget-wrap\">\n\t\t\t\t\t\t\t<\/div>\n\t\t<\/div>\n\t\t\t\t\t<\/div>\n\t\t<\/section>\n\t\t\t\t<section class=\"elementor-section elementor-top-section elementor-element elementor-element-6449ee5 elementor-section-boxed elementor-section-height-default elementor-section-height-default\" data-id=\"6449ee5\" data-element_type=\"section\">\n\t\t\t\t\t\t<div class=\"elementor-container elementor-column-gap-default\">\n\t\t\t\t\t<div class=\"elementor-column elementor-col-33 elementor-top-column elementor-element elementor-element-66ba009\" data-id=\"66ba009\" data-element_type=\"column\">\n\t\t\t<div class=\"elementor-widget-wrap\">\n\t\t\t\t\t\t\t<\/div>\n\t\t<\/div>\n\t\t\t\t<div class=\"elementor-column elementor-col-33 elementor-top-column elementor-element elementor-element-88f2720\" data-id=\"88f2720\" data-element_type=\"column\">\n\t\t\t<div class=\"elementor-widget-wrap\">\n\t\t\t\t\t\t\t<\/div>\n\t\t<\/div>\n\t\t\t\t<div class=\"elementor-column elementor-col-33 elementor-top-column elementor-element elementor-element-f04de5a\" data-id=\"f04de5a\" data-element_type=\"column\">\n\t\t\t<div class=\"elementor-widget-wrap\">\n\t\t\t\t\t\t\t<\/div>\n\t\t<\/div>\n\t\t\t\t\t<\/div>\n\t\t<\/section>\n\t\t\t\t<\/div>\n\t\t","protected":false},"excerpt":{"rendered":"<p>Los doce pasos del TPM sugeridos por JIPM De la metodolog\u00eda t\u00e9cnica al despliegue cultural [&hellip;]<\/p>\n","protected":false},"author":1,"featured_media":0,"parent":0,"menu_order":0,"comment_status":"closed","ping_status":"closed","template":"","meta":{"site-sidebar-layout":"no-sidebar","site-content-layout":"page-builder","ast-site-content-layout":"full-width-container","site-content-style":"default","site-sidebar-style":"default","ast-global-header-display":"","ast-banner-title-visibility":"","ast-main-header-display":"","ast-hfb-above-header-display":"","ast-hfb-below-header-display":"","ast-hfb-mobile-header-display":"","site-post-title":"disabled","ast-breadcrumbs-content":"","ast-featured-img":"disabled","footer-sml-layout":"","ast-disable-related-posts":"","theme-transparent-header-meta":"default","adv-header-id-meta":"","stick-header-meta":"","header-above-stick-meta":"","header-main-stick-meta":"","header-below-stick-meta":"","astra-migrate-meta-layouts":"set","ast-page-background-enabled":"default","ast-page-background-meta":{"desktop":{"background-color":"","background-image":"","background-repeat":"repeat","background-position":"center center","background-size":"auto","background-attachment":"scroll","background-type":"","background-media":"","overlay-type":"","overlay-color":"","overlay-opacity":"","overlay-gradient":""},"tablet":{"background-color":"","background-image":"","background-repeat":"repeat","background-position":"center center","background-size":"auto","background-attachment":"scroll","background-type":"","background-media":"","overlay-type":"","overlay-color":"","overlay-opacity":"","overlay-gradient":""},"mobile":{"background-color":"","background-image":"","background-repeat":"repeat","background-position":"center center","background-size":"auto","background-attachment":"scroll","background-type":"","background-media":"","overlay-type":"","overlay-color":"","overlay-opacity":"","overlay-gradient":""}},"ast-content-background-meta":{"desktop":{"background-color":"var(--ast-global-color-5)","background-image":"","background-repeat":"repeat","background-position":"center center","background-size":"auto","background-attachment":"scroll","background-type":"","background-media":"","overlay-type":"","overlay-color":"","overlay-opacity":"","overlay-gradient":""},"tablet":{"background-color":"var(--ast-global-color-5)","background-image":"","background-repeat":"repeat","background-position":"center center","background-size":"auto","background-attachment":"scroll","background-type":"","background-media":"","overlay-type":"","overlay-color":"","overlay-opacity":"","overlay-gradient":""},"mobile":{"background-color":"var(--ast-global-color-5)","background-image":"","background-repeat":"repeat","background-position":"center center","background-size":"auto","background-attachment":"scroll","background-type":"","background-media":"","overlay-type":"","overlay-color":"","overlay-opacity":"","overlay-gradient":""}},"footnotes":""},"class_list":["post-17320","page","type-page","status-publish","hentry"],"_links":{"self":[{"href":"https:\/\/academia-tpm.com\/plataforma\/wp-json\/wp\/v2\/pages\/17320","targetHints":{"allow":["GET"]}}],"collection":[{"href":"https:\/\/academia-tpm.com\/plataforma\/wp-json\/wp\/v2\/pages"}],"about":[{"href":"https:\/\/academia-tpm.com\/plataforma\/wp-json\/wp\/v2\/types\/page"}],"author":[{"embeddable":true,"href":"https:\/\/academia-tpm.com\/plataforma\/wp-json\/wp\/v2\/users\/1"}],"replies":[{"embeddable":true,"href":"https:\/\/academia-tpm.com\/plataforma\/wp-json\/wp\/v2\/comments?post=17320"}],"version-history":[{"count":13,"href":"https:\/\/academia-tpm.com\/plataforma\/wp-json\/wp\/v2\/pages\/17320\/revisions"}],"predecessor-version":[{"id":17335,"href":"https:\/\/academia-tpm.com\/plataforma\/wp-json\/wp\/v2\/pages\/17320\/revisions\/17335"}],"wp:attachment":[{"href":"https:\/\/academia-tpm.com\/plataforma\/wp-json\/wp\/v2\/media?parent=17320"}],"curies":[{"name":"wp","href":"https:\/\/api.w.org\/{rel}","templated":true}]}}